 96.
95
Suppose -2*l - 2*l = -52. Let j = -14 - -16. Suppose -21 + 71 = j*h. What is the remainder when h is divided by l?
12
Calculate the remainder when 1077 is divided by (-3)/4 - (-43229)/556.
76
Let q = -977 + 1822. Calculate the remainder when q is divided by 25.
20
Let q be 1 - (0 + 2 + -3). Suppose -g + 81 = 3*k - 3*g, q*k = -3*g + 67. Calculate the remainder when k is divided by 17.
12
Suppose 3*k + 3*i - 171 = -2*k, 0 = -k + i + 31. What is the remainder when 52 is divided by k?
19
Let u = -91 + 44. Let f = u + 58. What is the remainder when 42 is divided by f?
9
Let i = 273 + -167. Calculate the remainder when i is divided by 11.
7
Let f(n) = -2*n**3 + 4*n + 5. Let u be f(-1). What is the remainder when 51 is divided by (1/3)/((-3)/(u - 129))?
9
Let k be 10/(-1)*(-8 + -2). Suppose -6*b + k = -b. Suppose 3*t = t + b. What is the remainder when t is divided by 3?
1
Let l(q) = -3*q**3 + 4*q**2 + 3*q + 1. Let j = 15 + -18. Calculate the remainder when l(j) is divided by 28.
25
Let f = 20 + -17. Suppose f*n = o - n + 3, -4*o - 4*n + 68 = 0. Calculate the remainder when 23 is divided by o.
10
Let t = 95 + -42. Calculate the remainder when 688 is divided by t.
52
Let r = -174 - -233. What is the remainder when r is divided by 4?
3
Suppose -5*u = -5*a + a - 7, 5*a - 16 = -2*u. Calculate the remainder when (u/3)/((-1)/(-37)) - -2 is divided by 14.
11
Let n(x) be the second derivative of -3*x**5/20 + 5*x**4/12 + x**3/3 - 5*x**2/2 - 42*x. What is the remainder when n(-4) is divided by 29?
27
Calculate the remainder when 4/360*23481 + (-2)/(-20) is divided by 143.
118
Let w(h) = 8*h**3 + 63*h**2 - 7*h + 25. Calculate the remainder when 193 is divided by w(-8).
6
Suppose v = -3*y + 27, -3 = -3*y + 12. Suppose 0 = 4*t - v*t + 48. What is the remainder when 8 is divided by t?
2
Suppose -3*x = -7*a + 10*a - 951, 0 = -4*a - 2*x + 1264. What is the remainder when a is divided by 46?
39
Suppose -8*o + 305 + 23 = 0. Let s(p) = -19*p + 10. Calculate the remainder when s(-8) is divided by o.
39
Let t(z) = -2*z - 9. Let r(c) = 8*c. Let b be r(-2). Let k = -23 - b. What is the remainder when t(k) is divided by 3?
2
Suppose -3*p + 4*f - 16 = 0, -3*p = -p - 2*f + 10. Let k = 3 - 2. What is the remainder when 18/4 + (p - (-35)/10) is divided by k?
0
Let v = -261 + 289. What is the remainder when 130 is divided by v?
18
Suppose -2*u - 3*y + 167 + 202 = 0, 10 = 2*y. Calculate the remainder when u is divided by 61.
55
Let j = 56 - 46. Let z(a) = -a**3 + 13*a**2 - 8*a + 9. What is the remainder when z(12) is divided by j?
7
Let p = 1 + -16. Let x = p - -14. What is the remainder when x/(-5) + 138/10 is divided by 3?
2
Suppose -7 = 3*s + 5*w + 1, -4*s = -4*w + 32. Let l(y) = 2*y**2 + 12*y + 9. Calculate the remainder when l(s) is divided by 6.
3
Suppose 0 = 4*u + 5*b - 4*b - 23, -5*u + 40 = 5*b. Suppose 4*l = -12, 0 = -0*d + 4*d + u*l - 253. Calculate the remainder when d is divided by 17.
16
Let n be 0 + 9/3 - 1/1. Suppose -60 - 30 = -n*y. What is the remainder when y is divided by 13?
6
Let i = -69 + 85. Suppose l = -4 + i. Calculate the remainder when 83 is divided by l.
11
Let y = 1320 + -1316. Let t(l) = -13*l - 1. Calculate the remainder when t(-2) is divided by y.
1
Let w(o) = o + 15. Let m be w(-13). Suppose 2*f - 256 = 4*t, -5*f + m*f + t + 409 = 0. Suppose -f = -4*n + 26. Calculate the remainder when n is divided by 22.
19
Let q = 41 + -27. Let p(o) = o**3 - 15*o**2 + 16*o - 20. What is the remainder when p(q) is divided by 4?
0
Let m be 12*(2/30 - (-20)/(-50)). Let a(u) = 2*u**2 - 9. What is the remainder when 64 is divided by a(m)?
18
Suppose -31*d + 3*b - 301 = -962, -2*d - 3*b = -65. Let i(q) = 2*q**2 - 7. What is the remainder when i(-5) is divided by d?
21
Let v be (-3 - -15)/2 + -5. Calculate the remainder when (-47)/2*(-8)/(v + 3) is divided by 12.
11
Suppose -6*t + 66 = 18. Suppose -t*o = -0*o - 1456. Calculate the remainder when o is divided by 23.
21
What is the remainder when 2/(8/(-28) + (-2320)/(-7924)) is divided by 57?
55
Let h = 24 + -1. Calculate the remainder when h is divided by ((-98)/245)/((-2)/40).
7
Let h(g) = 80*g - 57. What is the remainder when 86 is divided by h(1)?
17
Suppose -z + 39 = 3*w, 3*z + 13 - 95 = -2*w. Calculate the remainder when 236 is divided by z.
20
Let f(y) = y**3 + 16*y**2 - 21*y - 4. Let i be f(-17). Let t = i - 13. What is the remainder when t is divided by 14?
9
Let f = -1112 - -1138. What is the remainder when 203 is divided by f?
21
Suppose 21*x - 8*x = 1417. Calculate the remainder when x is divided by 18.
1
Suppose 3*m - 4*q = -0*m - 16, m + 3*q - 12 = 0. Calculate the remainder when (5 + m)*(7 - 2) is divided by (2 - 2/4)/(7/42).
7
Let t(i) be the third derivative of -i**4/12 + 17*i**3/6 - i**2. What is the remainder when 9 is divided by t(7)?
0
Suppose 0 = -14*b + 160 + 148. What is the remainder when 501 is divided by b?
17
What is the remainder when -5*((-12)/(-30) - (-456)/(-2)) is divided by 10?
8
Let w = -7 - -6. Let x be -22*(-4 + w/(-2)). Suppose 29 = k - x. Calculate the remainder when k is divided by 36.
34
Calculate the remainder when (0/(-2) - -110)/(13/26) is divided by 15.
10
Calculate the remainder when 141 is divided by (-20 - -21)/(3/393).
10
Let i(v) = v**2 - v + 4. Suppose 0*u = -2*u + 76. Suppose -8*a = -10 - u. What is the remainder when i(-3) is divided by a?
4
Let b(n) be the first derivative of -n**4/4 + 2*n**3 - 3*n**2 + 6*n - 23. What is the remainder when b(4) is divided by 3?
2
Let g = 145 - 28. Let b = g + -93. What is the remainder when b is divided by 11?
2
What is the remainder when 132 is divided by ((-6650)/285)/((-5)/6)?
20
Suppose -88 = -2*w - 2*w. Let c = 11 + -5. Suppose -3*s = q - 252, c*s + 4*q - 158 = 4*s. What is the remainder when s is divided by w?
19
Let z = 108 + -105. Suppose 0 = z*g - 11 - 13. What is the remainder when (-6)/4*(-2 + -18) is divided by g?
6
Suppose 5*m = 2*x + 2914, 12*m = 14*m + 2*x - 1174. Suppose 0 = 8*a - 4*a - m. What is the remainder when a is divided by 30?
26
Suppose 1092 = 19*f - 580. Calculate the remainder when 348 is divided by f.
84
Suppose 18 = 5*i + 3. Calculate the remainder when ((-62)/i)/((-20)/60) is divided by 21.
20
Suppose 127 = 4*l + k, 4*l = 2*k + 118 + 24. What is the remainder when ((-5)/(50/(-32)))/((-51)/(-1020)) is divided by l?
31
Suppose 0 = -7*i + 2*i + 455. Let k = -26 + i. What is the remainder when k is divided by 11?
10
Let q(s) = -s**3 + 9*s**2 - 2*s + 34. Calculate the remainder when 155 is divided by q(9).
11
Let w(u) = u**3 - 4*u**2 - u + 2. Let o be w(4). Let a be o - 19*(3 + -11). Let i = 217 - a. What is the remainder when i is divided by 17?
16
Suppose 3*v - 2*v - 23 = 0. Let a(i) = 7*i - 35. What is the remainder when v is divided by a(6)?
2
Suppose -216*f + 213*f = -189. What is the remainder when 125 is divided by f?
62
Let a = 372 + -331. Calculate the remainder when 203 is divided by a.
39
Let i(s) = 2*s + 8. Let l be i(-4). Suppose w + 5*b = -3*w + 132, -w + 42 = -b. What is the remainder when w is divided by (5 - l)/(2/4)?
8
Let h(l) = -l**3 + l**2 + l - 6. Let g be h(0). Suppose -5*k - 2*b + 55 = 0, b + 4 = -1. What is the remainder when k is divided by g/10 + (-76)/(-10)?
6
Let k = 67 + -64. Let s(t) = -t**3 + 4*t**2 + 1. Calculate the remainder when s(3) is divided by k.
1
Suppose -2*y - 1 = 1. What is the remainder when (2 + 0)*(-416)/(-64) is divided by 7*(y - 4/(-2))?
6
Let i = 1814 - 1690. Calculate the remainder when 235 is divided by i.
111
Let h be (4/12)/(1/(-12)). Let b = h - -1. What is the remainder when 4 - 3/b*13 is divided by 6?
5
Let c(v) = -3*v**3 + 2*v**2 + 4*v + 3. Let d = -1309 + 1415. What is the remainder when d is divided by c(-2)?
25
Let h(d) = -2*d + 34. Let l be h(16). Suppose 0 = l*v + 145 - 443. Calculate the remainder when v is divided by 30.
29
Let z(t) = -t**2 + 6*t - 3. Let n be z(7). What is the remainder when 101/2 + (-10)/20 is divided by -2*(0 - (-85)/n)?
16
Suppose 41*b - 40*b = 17. Suppose 2*m = m - k + 5, 3*k = m - b. Calculate the remainder when 11 is divided by m.
3
Let z = 44 - 44. Let k(r) = -r**2 + r. Let o(v) = -5*v**2 + 6*v + 79. Let w(y) = -6*k(y) + o(y). What is the remainder when w(z) is divided by 27?
25
Suppose 0*s + 213 = -3*s. Le